 h(c) = 0*c + 3 + 3 + 6 - 8*c. Let z be h(2). Determine f(z).
-12
Let q(r) be the second derivative of r**5/20 + 5*r**4/6 + 5*r**3/2 - 5*r**2 - 538*r. Calculate q(-8).
-2
Let c(s) = -11*s**3 - 65*s**2 - 14*s + 29. Let u(f) = -7*f**3 - 42*f**2 - 9*f + 19. Let b(o) = -5*c(o) + 8*u(o). Give b(-11).
29
Let h(m) = -m**3 + 4*m**2 + 6*m - 2. Let b be h(5). Suppose -b = -i + 4. Let z(y) = 6*y - 5*y**2 - 75 - 71 + 4*y**2 - 54 + 208. What is z(i)?
1
Let z(u) = -9*u - 64. Let o(r) = -6*r**2 + 37*r - 10. Let p be o(6). What is z(p)?
-28
Let z(p) = 4*p**3 + 6*p**2 - 11*p + 7. Suppose 5*b = -v + 4*v + 9, v = -4*b - 3. Let n(j) = 2*j**3 + 3*j**2 - 6*j + 4. Let m(r) = v*z(r) + 5*n(r). Give m(-3).
17
Suppose -4 - 16 = -4*c. Let m be (-12)/(-3) + 6 + 36/(-6). Let y(h) = 1 + m - 3 - 8*h + 0*h**2 + h**2 + 2. Give y(c).
-11
Let m = -298 + 299. Let p(o) = -m + 34*o**2 - o - 11*o**2 - 22*o**2. Let q be 3/(-12) - (-42)/8. Calculate p(q).
19
Let x(o) be the second derivative of 3*o - 8 + 7/3*o**3 + 1/12*o**4 + 13/2*o**2. Give x(-9).
-32
Let a be (-255)/63 - (-6)/(-21) - (-20)/(-12). Let k(n) = n**3 + 6*n**2 - n + 3. Give k(a).
9
Let s(l) = l + 2. Let o(a) = -a**2 + 8*a + 14. Let c be o(9). Suppose c*h = -21 + 56. Suppose -3*m + 5*m = h*m. What is s(m)?
2
Let j be (-6 - -6)*1*1. Let q(s) = 5*s + 19*s**2 - 36*s**2 - 7 + j + 18*s**2. Determine q(-5).
-7
Let x be (-2)/16 - (-9585)/(-568). Let f(w) = 2*w**3 + 33*w**2 - 13*w + 47. Determine f(x).
-21
Let p(r) = 16 + 36 + 9*r - 3 - 11. Let t be p(-4). Let d(b) = 4*b + 0 - 4 + 3 + 0*b. Determine d(t).
7
Suppose 28 = 4*q + 4*d, 4*d = -3*q - d + 29. Let f(s) = 0*s - 4*s**3 - 5*s**2 - q + 5*s + 5*s**3. Suppose 51*p + 71*p - 47*p - 225 = 0. Calculate f(p).
-6
Suppose -15*p = 14*p + 725. Let k = p + 28. Let b(f) = 2*f + 3. What is b(k)?
9
Suppose -3*u + 277 - 37 = 0. Let j = 81 - u. Let k(y) = y + 5*y + 38*y**2 - 2 + j - 39*y**2. Calculate k(7).
-8
Let l(d) = -6*d**3 - 15*d - 5. Let u(o) = -o**3 - 3*o - 1. Let t(k) = -2*l(k) + 11*u(k). Let a = -12 + 12. Suppose 5*z + 10 + 0 = a. Determine t(z).
-3
Let s(w) = -w**2 - w + 1. Let m(f) = 4*f**2 + f - 9. Let p be 11/9 + 60/(-270). Let o(y) = p*m(y) + 5*s(y). Give o(-4).
-4
Let d(y) = -y**3 - y**2. Let h(u) = -2*u + 37. Let o be h(18). Suppose -3*b + 7*b = 28. Suppose -b*a + 6 = -o. Give d(a).
-2
Let y(i) be the third derivative of 7*i**4/24 - i**3/2 + 16*i**2. Suppose 0 = 14*v - 13*v - 12. Let j be 50/(-20)*v/10. What is y(j)?
-24
Let d(r) = 869 + 3*r - 383 - 446 - 5*r. Determine d(15).
10
Let o(y) = 14*y + 3. Let h = -374 + 409. Suppose -h*u - 8 = -31*u. Determine o(u).
-25
Let j(y) be the second derivative of -4*y**3/3 - y**2/2 + 218*y - 10. Suppose 3*t - t = 4. Calculate j(t).
-17
Suppose n - 2*x = -6, 0 = -3*n + 5*n + 4*x - 12. Suppose 5 = -3*h - n*h + 2*w, 0 = -2*w + 2. Let m = 8 + h. Let i(u) = -u**2 + 6*u + 4. Calculate i(m).
-3
Suppose 4*o = 4*c - 16, -4 = -c - 0*c - 2*o. Let i(f) = 2 - c*f**3 + 3*f**3 - f**2 - 2*f + 2*f**3. Let m be 74/26 - (0 + (-16)/104). Give i(m).
14
Let u = 35 + -32. Suppose u*b = -6 + 24. Let g(l) = -l**3 + 7*l**2 - 4*l - 7. What is g(b)?
5
Let j(i) = 32*i**3 - 214*i + 80*i + 81*i - 2 + i**2 + 52*i. What is j(-1)?
-32
Suppose 9 = 5*d - x - 36, 2*d - 2*x - 18 = 0. Suppose 0 = d*v - 89 - 91. Suppose 4 = -c + 3*y, -2*c + y = 3*c + v. Let o(p) = 4*p - 5. Determine o(c).
-21
Let h be -1*(184/(-28) - (-27)/(-63)). Let u(a) = -3*a**2 - 3*a + 14. Let b = 7 + -3. Let x(d) = d**2 - d - 1. Let l(f) = b*x(f) + u(f). What is l(h)?
10
Let i(f) = f**2 + 36*f + 295. Let q be i(-12). Let j(b) = 4*b - 31. What is j(q)?
-3
Let u(h) = -h**2 - 36*h + 400. Let k be u(9). Let j(y) = -y**3 - 3*y + 2*y**2 - 8*y**2 + 7 + 0. What is j(k)?
-3
Let g(l) = -83*l + 357*l - 91*l - l**2 - 85*l - 88*l + 24. What is g(11)?
13
Let v(u) = -20*u**3 + 19*u**3 + 4*u**2 - 19*u - 14*u**2 - 1 - 8. Let z be v(-8). Suppose 4*d + d = z, -17 = -r - 3*d. Let i(c) = -3*c + 6. Calculate i(r).
-18
Suppose -50*x + 33*x + 204 = 0. Suppose 32 + 52 = -x*i. Let h(m) = -2*m - 18. Determine h(i).
-4
Let s(y) = -y**2 + y + 1. Let v(g) = -5*g**2 + 5*g + 7. Let z(n) = 4*s(n) - v(n). Let x(t) = 4*t**2 - 8*t - 16. Let l(f) = x(f) - 6*z(f). Give l(1).
-2
Let k(m) = -m**3 - 10*m**2 - 8*m - 2. Let o be k(-9). Let i(n) = -5*n - 11. Let f(u) = -14*u - 31. Let z(p) = o*i(p) + 4*f(p). Calculate z(3).
-6
Suppose 458 = -4*k + 4*b + 1590, 4*k - 1126 = 2*b. Let r = 279 - k. Let o(s) = -3*s + 3 + 5*s - 6*s**3 - 2 + s**3. Give o(r).
4
Let m(o) be the first derivative of -7*o**2/2 - 5*o + 2124. Determine m(8).
-61
Suppose -4*m + 45 = 5*m. Suppose 2*d + 5*j = -3*d + 10, -d - m*j + 2 = 0. Suppose -3*z = -3*s, d*s = -2*z + 7*s + 3. Let h(n) = 20*n**2 + 2*n + 1. Give h(z).
19
Let q(m) = m**3 - 22*m**2 - 18*m - 120. Let w(n) = -n**3 + 59*n**2 - 101*n - 718. Let o be w(57). Give q(o).
-5
Let s(j) be the first derivative of -3*j - 1/6*j**3 - 15/2*j**2 + 19. Let r(b) be the first derivative of s(b). Determine r(0).
-15
Let r(c) = 4*c**2 - 4*c. Let k = -8 + 13. Let w(j) = 7*j**2 - 7*j - 1. Let a(p) = k*r(p) - 3*w(p). Let f = 203 - 206. What is a(f)?
-9
Let v(p) = p**3 + 3*p**2 - 7*p - 5. Let l(q) = q**2 + q - 16. Suppose -3*d = -2*t + 2*d + 21, -3*t = d - 6. Let i be l(t). Calculate v(i).
7
Let t = -179 - -177. Let f be 9/t - 48/32. Let q(s) be the third derivative of s**5/60 + s**4/12 - s**3 - 24*s**2. What is q(f)?
18
Let c(p) = -p**2 - 6*p - 9. Suppose l = h + 12, l - 4*h - 10 = 8. Let q(v) = -l - 5*v + v - 8*v + 11*v. Let m be q(-4). Give c(m).
-9
Let y be 29/174 - (-530)/(-12). Let u = -40 - y. Let a(c) be the third derivative of c**4/24 + 5*c**3/6 + c**2. What is a(u)?
9
Let m(v) be the second derivative of -v**4/4 + v**3/2 + 12*v**2 + 10847*v. Determine m(-6).
-102
Suppose -46*d = 15*d - 4*d + 1140. Let g(k) = -k**2 - 19*k + 19. Determine g(d).
-1
Let s(n) = -45*n**3 - 5*n + 6. Let a(k) = 405*k - 3644. Let t be a(9). Determine s(t).
-44
Suppose 25 = -s + 6*s. Let k(t) = -t**2 + 8*t - 16*t + s*t - 3. Calculate k(-2).
-1
Let w be (-3 + 1)*6036/24. Let z = w - -504. Let i(x) = 9*x - 1. Give i(z).
8
Let k(j) = 13*j**3 + 3*j**2 + 2*j + 1. Let c(i) = -6*i**3 - i**2 - i. Let r(t) = -2*c(t) - k(t). What is r(-1)?
-1
Let b(f) = 0*f**2 + 23 + f**3 - 7*f**2 - 16*f + 41*f + 9*f - 12*f**2. What is b(17)?
23
Let g(q) = -20*q**2 + 7*q - 12. Let i(x) = 7*x**2 - 1. Let m(w) = -g(w) - 3*i(w). Let v = -12 - -3. Give m(v).
-3
Let m(x) = -x**3 + 10*x**2 + 7*x + 41. Suppose -408 = -91*h + 593. What is m(h)?
-3
Let i(a) = 4*a + 12. Let z(f) = 3*f + 12. Let r(n) = -2*i(n) + 3*z(n). Let m be r(-7). Let o(v) = v**2 + 3*v + 3*v - m*v**2 + 5*v**2 + 8. What is o(-6)?
8
Let m(w) = 72 + 72*w**2 - w**3 + 2*w + 16*w - 52*w**2 + w + 0*w. What is m(21)?
30
Let v = -10572 + 10560. Let l(j) = -9*j - 27. Determine l(v).
81
Let l(d) = -d**2 + 31*d - 243. Suppose b - c = 47 - 28, 5*b = c + 79. Determine l(b).
-3
Let b(y) be the first derivative of -115 + 3*y + 1/2*y**2. Suppose 4*r = 2*r - 14. Give b(r).
-4
Let s(t) = -t**2 - 34*t + 267. Let q be s(6). Let y = 23 - q. Let i(u) = 2*u**2 + 2*u + 1. Determine i(y).
25
Let g(k) = -203*k + 58*k + 64*k + 37*k + 97*k - 243 - 2*k**2. Determine g(21).
-12
Let h(j) = -6*j - 103. Let i be h(-18). Let w(a) = i + 43*a**2 + 54*a**2 - a**3 - 94*a**2 + 4*a. Suppose 16 = 2*z + 2*z. What is w(z)?
5
Let s(z) be the first derivative of 27*z**4/2 - 12152. What is s(-1)?
-54
Let s be (-8)/(-14) - (-12)/(-21). Suppose 5*a - 3*n + 6 + 0 = 0, -4*a + 5*n - 10 = s. Suppose a = -5*m - 15. Let u(k) = -k**2 - k + 4. Calculate u(m).
-2
Let w(g) = -g**3 + 6*g**2 - 3*g + 3. Let b = 133 + -132. Suppose -u + 5*n - 14 = 0, -21 - b = -3*u - n. Give w(u).
-15
Let v = 314 + -306. Suppose y + 3*g + 4 = v, 3*g = 0. Let l(m) = -3*m**2 + 5*m - 4. Determine l(y).
-32
Suppose -2*y - 13*y + 2025 = 0. Let m(b) = -1 + 0 - 266*b**3 + y*b**3 + 121*b**3. What is m(1)?
-11
Let c(j) = j**2 - 6*j - 11. Let a(l) = -36*l - 319. Let r be a(-31). Suppose r*m - 42 = 790*m. Determine c(m).
-11
Let o(v) = -29*v - 19. Let s(h) = -46*h - 37. Let r(l) = -10*o(l) + 6*s(l). Calculate r(7).
66
Let q be 5 + 7/(-7) + 81. Suppose 15*u = -q - 20. Let g(o) = o**3 + 8*o**2 + 8*o + 4. What is g(u)?
-3
Let c(j) = -3*j**3 + 13*j**2 - 4*j + 3. Suppose -2*w + 56*k - 55*k = -3, 5*k = 25. Calcul